51 composite?
False
Is 3891673 a prime number?
True
Is 111615995 a prime number?
False
Is 27100501 a composite number?
True
Is 24662549 prime?
False
Is 407387 composite?
True
Is 20326471 composite?
True
Is 53241169 prime?
True
Is 1348157 a composite number?
False
Is 42776491 prime?
True
Is 2415443 composite?
False
Is 1960493 composite?
False
Is 8230319 composite?
True
Is 4457429 composite?
False
Is 6099477 prime?
False
Is 5399629 composite?
True
Is 1412777 composite?
False
Is 944773 prime?
True
Is 254383 composite?
False
Is 54505327 a prime number?
False
Is 9553373 prime?
False
Is 37763689 a composite number?
False
Is 3622013 prime?
False
Is 69230429 a composite number?
True
Is 213000771 prime?
False
Is 11168203 a prime number?
True
Is 120259351 a prime number?
True
Is 177381551 a composite number?
False
Is 2393389 prime?
True
Is 1629071 a prime number?
True
Is 800719 a prime number?
False
Is 67987417 composite?
False
Is 652301489 a composite number?
True
Is 472658059 composite?
True
Is 179149631 prime?
False
Is 13959107 a prime number?
False
Is 740167 a composite number?
True
Is 4801999 prime?
True
Is 739337813 composite?
False
Is 13209167 prime?
True
Is 121819531 composite?
False
Is 27135491 a composite number?
False
Is 3121645 a prime number?
False
Is 2789453 a prime number?
False
Is 197117579 a prime number?
False
Is 20249 a prime number?
True
Is 5433887 composite?
False
Is 77826943 a prime number?
True
Is 28304567 a prime number?
True
Is 712774 composite?
True
Is 7326737 a composite number?
True
Is 57603121 composite?
True
Is 6294635 a prime number?
False
Is 13559509 a prime number?
False
Is 2070859 a prime number?
False
Is 30394451 prime?
True
Is 27959201 a prime number?
True
Is 291181921 a prime number?
True
Is 252072523 a composite number?
True
Is 32086091 a prime number?
True
Is 5122613 composite?
True
Is 7519807 composite?
False
Is 43243553 composite?
True
Is 28302679 a composite number?
False
Is 4088757 composite?
True
Is 56012527 a composite number?
True
Is 2789737 composite?
True
Is 474087347 a composite number?
True
Is 1261067 prime?
False
Is 387639557 a composite number?
False
Is 14259197 a composite number?
True
Is 149616305 composite?
True
Is 2632018 composite?
True
Is 135265327 a composite number?
False
Is 3701279 a composite number?
True
Is 22925543 a prime number?
True
Is 128543 a prime number?
False
Is 140230757 a composite number?
False
Is 8290066 a prime number?
False
Is 442961437 composite?
False
Is 588023 a prime number?
False
Is 28594843 composite?
True
Is 411255781 a prime number?
False
Is 53008027 a composite number?
True
Is 43900591 a composite number?
True
Is 1042009 a composite number?
True
Is 1949999 prime?
True
Is 3743917 a composite number?
True
Is 40371769 a prime number?
False
Is 1590497 prime?
False
Is 18051757 a prime number?
False
Is 41100121 a prime number?
False
Is 1516339 a composite number?
True
Is 629113 a prime number?
True
Is 24631 composite?
False
Is 354997669 a prime number?
False
Is 57597647 prime?
False
Is 794649151 a composite number?
True
Is 328347449 prime?
False
Is 371394941 composite?
True
Is 2841961 composite?
False
Is 5508599 a prime number?
True
Is 67311947 a prime number?
False
Is 32106961 a prime number?
True
Is 3608339 a prime number?
False
Is 74941511 prime?
True
Is 1699897 a composite number?
False
Is 57036839 composite?
False
Is 676633 a prime number?
False
Is 267433451 composite?
False
Is 10750667 prime?
True
Is 36150767 a composite number?
False
Is 11758793 a composite number?
False
Is 49579487 composite?
False
Is 2142419 a composite number?
True
Is 2802979 a prime number?
True
Is 4734227 prime?
False
Is 20352131 a prime number?
False
Is 167021887 a composite number?
False
Is 325597 a prime number?
True
Is 41394859 prime?
False
Is 9670919 a composite number?
False
Is 204557 a prime number?
True
Is 15231659 prime?
False
Is 43486241 a prime number?
True
Is 163841 prime?
True
Is 577392553 composite?
True
Is 1324187 composite?
False
Is 2270087 a composite number?
True
Is 58178629 composite?
False
Is 2307131 a prime number?
False
Is 69592039 prime?
False
Is 192618014 prime?
False
Is 813108243 prime?
False
Is 2437445 prime?
False
Is 6369941 prime?
False
Is 38322149 a composite number?
False
Is 8544545 composite?
True
Is 56287061 prime?
True
Is 146443478 a prime number?
False
Is 4836053 a composite number?
True
Is 317277947 a composite number?
True
Is 774493 a prime number?
False
Is 33026863 a composite number?
False
Is 102317 composite?
False
Is 139787423 prime?
True
Is 171002257 prime?
True
Is 421049 a composite number?
False
Is 11878323 a composite number?
True
Is 71655515 prime?
False
Is 19386157 a composite number?
True
Is 1175771 a composite number?
True
Is 1047873 a composite number?
True
Is 10785391 prime?
False
Is 24437319 a composite number?
True
Is 898321 composite?
True
Is 47843629 composite?
False
Is 3698637 prime?
False
Is 15340267 a prime number?
False
Is 12118783 composite?
False
Is 429115769 composite?
True
Is 2582383 prime?
True
Is 1079349 composite?
True
Is 90815419 a composite number?
False
Is 14764933 a composite number?
False
Is 16702187 composite?
True
Is 9565961 a composite number?
True
Is 6707993 a composite number?
False
Is 149904361 composite?
False
Is 1741373 a prime number?
True
Is 85278487 composite?
True
Is 16843703 a prime number?
True
Is 1082306 composite?
True
Is 354001 a prime number?
True
Is 1793569 a prime number?
True
Is 3038429 a prime number?
True
Is 34770482 composite?
True
Is 408743 a composite number?
False
Is 167440549 prime?
True
Is 6019109 a composite number?
True
Is 5854267 a prime number?
False
Is 191552215 composite?
True
Is 942917 composite?
False
Is 6105439 a prime number?
True
Is 442077355 a composite number?
True
Is 301531 a prime number?
True
Is 311071283 a prime number?
True
Is 12916765 composite?
True
Is 21308801 composite?
False
Is 6885233 a prime number?
True
Is 21205759 composite?
False
Is 217423 a prime number?
False
Is 13508293 a composite number?
True
Is 561467 a prime number?
False
Is 5901401 a composite number?
True
Is 91925501 composite?
True
Is 38942041 composite?
True
Is 45594707 composite?
True
Is 13487443 prime?
False
Is 22427593 prime?
False
Is 2874317 composite?
False
Is 1165481 composite?
True
Is 865659563 composite?
False
Is 2654581 a composite number?
False
Is 12775913 composite?
False
Is 20901203 composite?
True
Is 35434997 composite?
True
Is 239119 prime?
True
Is 22141 a composite number?
True
Is 3482443 a prime number?
True
Is 1750493 a composite number?
False
Is 8266129 a composite number?
False
Is 4857871 a composite number?
True
Is 1048123 a composite number?
False
Is 13987877 a composite number?
False
Is 165513 prime?
False
Is 26497309 a composite number?
True
Is 1747381 a composite number?
True
Is 6089651 a composite number?
False
Is 10498001 a prime number?
True
Is 267097 a composite number?
False
Is 148021 composite?
False
Is 1156919323 prime?
False
Is 14065981 composite?
False
Is 40449881 a composite number?
True
Is 29383 a prime number?
True
Is 8758559 a prime number?
False
Is 74266007 a prime number?
False
Is 34864861 a prime number?
False
Is 877327 prime?
False
Is 31867343 composite?
True
Is 288922141 composite?
False
Is 7186159 a prime number?
False
Is 311833 prime?
False
Is 15476189 prime?
True
Is 288612911 composite?
True
Is 2028971 a prime number?
False
Is 2478361 a prime number?
True
Is 451873 composite?
False
Is 58272671 composite?
True
Is 5128967 composite?
False
Is 13656829 a prime number?
False
Is 13638059 a prime number?
True
Is 100562507 a prime number?
False
Is 16015198 a prime number?
False
Is 5053611 a composite number?
True
Is 71792111 composite?
False
Is 29527213 prime?
False
Is 420671 prime?
True
Is 26613831 composite?
True
Is 898215727 a prime number?
False
Is 58360249 a prime number?
False
Is 6790489 a prime number?
False
Is 599657 a composite number?
False
Is 31311417 composite?
True
Is 14380953 a composite number?
True
Is 104851111 prime?
True
Is 3527207 a prime number?
False
Is 24804121 a prime number?
True
Is 217035941 prime?
False
Is 291985063 a prime number?
False
Is 5932691 composite?
True
Is 209168597 prime?
False
Is 4468829 prime?
False
Is 98909 prime?
True
Is 268149